ive h(m).
-2
Let h(n) be the third derivative of -n**4/8 - 2*n**3/3 - n**2. Suppose a = 4*a + 12. What is h(a)?
8
Let v(r) = -5*r**3 + 6*r**2 - 2*r - 2. Let u(p) = p**3 - p**2 + 1. Suppose 3 = 2*m - 7. Suppose f - m*f = 16. Let i(s) = f*u(s) - v(s). Determine i(2).
2
Let m(h) = -8*h**3 - 1. Suppose -3*p - 5*v = -0*v + 23, 0 = 5*p + 3*v + 17. Determine m(p).
7
Let d(h) = h - 1. Let p(c) = 2*c**3 - 4*c**2 + 2*c - 4. Let n be p(3). Suppose -2*v + n + 2 = 0. Let i = v - 8. Determine d(i).
2
Let q(d) = -3*d**3 + 17*d**3 - 9*d**3. Determine q(-1).
-5
Let c = -1 + 0. Let m(a) = -3*a**2 - 2*a - 1. Let d(u) = 8*u**2 + 6*u + 3. Suppose 5*t - 17 = 6*t. Let z(x) = t*m(x) - 6*d(x). Give z(c).
4
Let p(b) = b**3 - 3*b**2 - 3*b + 2. Let x(u) = u - 3. Suppose -3*v - 15 = -c - 3*c, 0 = -5*c - 2*v + 36. Let z be x(c). Give p(z).
-7
Let y(l) = -2*l + l**2 + 0*l - 1 + 3*l + l. Determine y(-4).
7
Let p(u) = u + u**2 - 6*u + u - u. Calculate p(5).
0
Let o(j) be the third derivative of -j**4/12 - 9*j**2. Let d = -9 + 14. Suppose d*x = 11 - 31. Calculate o(x).
8
Let s(a) = 2*a + 0 + a**2 - a**3 + 2 - 4*a. Let o be s(2). Let x(i) = i**2 + 5*i - 3. Calculate x(o).
3
Let z(y) = 2*y - 1. Let d be z(1). Let a be (2*d)/(1/(-2)). Let o(j) be the third derivative of j**4/8 + j**3 + 2*j**2 + 12. Determine o(a).
-6
Let r(y) = y**2 - y - 6. Suppose 2*f = 7*f. Give r(f).
-6
Let g(u) = -12*u**2 - 1. Let b = 68 - 67. Give g(b).
-13
Let f(z) = 6 + 0 - 5*z + 6*z + 0. Let b be f(-6). Suppose v = -b*v. Let w(n) = n**3 + n**2 + n + 1. What is w(v)?
1
Let x(r) = 2*r + 1. Let k = 18 - 25. Let d = -23 - -33. Let n = k + d. Give x(n).
7
Let q(c) be the second derivative of c**4/12 - c**2/2 + 40*c. Calculate q(1).
0
Let i(a) = -a - 2. Suppose -3*z = 2*v - 5, 0 = v + z - 4*z + 11. Let q be 0/3 + (0 - v). What is i(q)?
-4
Let c(a) be the third derivative of a**5/30 + 3*a**4/8 - a**3/2 - 7*a**2. Let n(f) = f**2 + f. Let s(m) = -c(m) + 3*n(m). Determine s(6).
3
Let f(n) = n**2 - 8*n + 1. Let t be f(8). Let a(u) = -3*u + 1. Calculate a(t).
-2
Let t(o) = -7 + 0 + o - 2. What is t(4)?
-5
Suppose 4*v + 0*v = 0. Suppose 5*g + 7 - 32 = v. Let p(r) = -r - 6. What is p(g)?
-11
Let z(p) = 5*p**2 + 8*p - 1. Let o(b) = 4*b**2 + 6*b. Let u(x) = -4*o(x) + 3*z(x). Let l = -1 - -1. Determine u(l).
-3
Let f = -16 - -11. Let y(g) be the third derivative of 1/60*g**5 - 5/6*g**3 + 0*g + g**2 + 0 + 1/6*g**4. Determine y(f).
0
Let v(t) = 0 - t - 3 + 2. Suppose -54 = a - 57, -36 = -4*n - 4*a. What is v(n)?
-7
Let t(b) be the third derivative of -1/4*b**5 - 5/6*b**3 - 1/8*b**4 + 0*b + 0 + 2*b**2. Let n(g) = 5*g**2 + g + 2. Let u(z) = 8*n(z) + 3*t(z). Determine u(1).
-5
Let n(o) = -2 + 0*o**2 - 4 - o**2 - 5*o + 1. Calculate n(-6).
-11
Let j(z) = 6*z**2 - 2*z + 2 - 3 + 2. Let x be 9/6*8/12. What is j(x)?
5
Suppose 0*y - 44 = -4*b - 4*y, 5*y = -3*b + 23. Suppose 3*a - b = -a. Let v(d) = 0*d + 3*d - 4*d - d**2 + 6*d. Give v(a).
4
Let j(f) = -f**2 + f. Let h(p) = 3*p**2 - 3*p - 1. Let t(y) = h(y) + 2*j(y). Let v = -7 - -7. What is t(v)?
-1
Let u(r) = -2*r**2 + 6*r. Suppose 4*y = a + 2*a - 69, 2*y + 18 = -4*a. Let l = -11 - y. What is u(l)?
-8
Let f(p) = 4*p**2 + 2. Let a(t) = 3*t**2 + 2. Let d = -2 + 6. Let u(w) = d*f(w) - 5*a(w). Let r(o) = -o + 4. Let j be r(4). Calculate u(j).
-2
Let z(k) = 2*k + 4. Let h(w) = -4*w - 11. Let i(q) = -3*h(q) - 8*z(q). Determine i(-1).
5
Let g(m) be the third derivative of -m**6/720 + m**5/40 - m**4/8 + 3*m**2. Let p(w) be the second derivative of g(w). What is p(6)?
-3
Let i(r) = r**3 + 13*r**2 + 22*r - 6. Let h be i(-11). Let a(z) = -z - 3. Give a(h).
3
Let s(d) = d**2 + 2. Let f be s(-2). Let j(u) be the first derivative of -u**4/4 + 5*u**3/3 + 3*u**2 + u - 26. What is j(f)?
1
Let d(q) = -q**3 + q**2 - 4. Let v(b) = -2*b**3 + 3*b**2 - 11. Let t(k) = 11*d(k) - 4*v(k). Suppose -2*l + 7*l = 10. Let a = l + -1. Calculate t(a).
-4
Let j = 7 + -7. Let c(z) be the second derivative of j + z + z**2 - 1/2*z**3. Calculate c(3).
-7
Let b(q) = 3 - 2*q**3 - 3*q - 2 + 3 + 4*q**2 + 3*q**3. What is b(-5)?
-6
Let p(h) be the second derivative of -h**3/6 - 5*h**2/2 + 8*h. What is p(-5)?
0
Let t(q) = -3*q**2 - 5*q + 2. Let x(h) = 6*h - 7*h - 14*h + 7 - 13*h**2 - 5*h. Let y(a) = 9*t(a) - 2*x(a). Calculate y(-5).
4
Let n(r) = -r**2 - 3*r - 2. Suppose p = -b, 2*p + 2 = -4*b - 8. Suppose -5 = p*i - m, 0 + 30 = -5*i - 4*m. Calculate n(i).
0
Let j(i) = i + 1. Let v be (-60)/(-15) - 0/2. Calculate j(v).
5
Suppose -2*u = u + 6. Let h(k) = -4*k**3 + 3*k + 2. Let j(p) = 5*p**3 + 2*p**2 - 4*p + 0*p - 2*p**2 - 3. Let t(x) = 4*h(x) + 3*j(x). Give t(u).
7
Let l(h) = h**3 - 2*h**2 + 1. Let o be l(2). Let i be 2 + 0 + o - 0. Let v(u) = 0 + 3 + 5*u**2 + i*u**3 - 2*u**3 + 1 + 7*u. Calculate v(-4).
-8
Let g(k) = -2 - 8 + k + 3. Let s(f) = 2*f - 5*f - 5 - 6 + f. Let n be s(-8). Determine g(n).
-2
Let s(o) be the second derivative of o**6/60 + o**4/24 - 4*o**3/3 - o. Let g(j) be the second derivative of s(j). Calculate g(1).
7
Let q = -5 + 9. Suppose 4*h - 4*f - 64 + 24 = 0, 0 = q*h - f - 28. Let u(w) = -w**2 + 5*w + 3. Calculate u(h).
-3
Suppose 16 = 3*j - f, -2*j - f = -3*f - 4. Let c(s) = -2*s + 10. What is c(j)?
-4
Let r(x) = -x**3 - 2*x**2 + x + 1. Suppose 4*u = 6*u - 8. Suppose -3*f + 3 = u*o, 5*o - 2*f - 2*f = -35. Give r(o).
7
Suppose 4*c - 2*b = -16, 0 = -0*c - 5*c - 2*b - 20. Let i(g) = 10*g + 10. Let j(s) = 2*s + 2. Let d = 6 + -4. Let m(p) = d*i(p) - 11*j(p). Calculate m(c).
6
Suppose 3*h = 3*c, 1 = 4*h - 3*c - 4. Let a(y) = 0*y**2 - 4*y + 0*y**2 - 4*y**2 - 5 + y**3 + 0*y**2. Determine a(h).
0
Suppose 2*n - 5*w + 0 = -6, 5*n + 5*w = 20. Suppose -2 = -0*u + n*u. Let l(q) = 3*q**2 + 1. Determine l(u).
4
Let g(z) = z**2 + 3*z - 4. Let a be ((-14)/21)/(2/9). Calculate g(a).
-4
Let q(a) = a**3 + 11*a**2 - a - 3. Let t be q(-11). Let h(p) = p. Give h(t).
8
Let m(i) = -i + 2 - 9 + 17. What is m(6)?
4
Let y(g) = g**2 + 3*g - 1. Suppose -a - 5*b = -14, 0*b = -4*a + 2*b - 10. Let c be (-5)/(2*a/4). Suppose -4*n - c = 2. Determine y(n).
-1
Suppose y - 7 + 4 = 0. Let m(l) = 3 + 9*l - 1 - y. Calculate m(-1).
-10
Let i(m) = -m**2 - m**2 + 9 + m**2 - 6*m. Let n be i(-7). Let r(d) = -d - n*d + 0*d**2 - 1 + d**2 - 2*d**2. Give r(-3).
-1
Let q = -1 - 5. Let f = q - -5. Let j(r) = 2*r. What is j(f)?
-2
Let v(j) = -j**3 - 11*j**2 + 7 + j + 4*j - 14*j. What is v(-10)?
-3
Let r(z) be the first derivative of -z**5/60 + z**4/12 - 2*z**3 - 2. Let v(h) be the third derivative of r(h). Determine v(3).
-4
Let r(m) be the first derivative of 3/2*m**2 + 0*m - 2/3*m**3 - 4. What is r(2)?
-2
Let c be ((-1 + -2)/3)/(-1). Let j(i) = -5*i**2 + 2*i - 1. Give j(c).
-4
Suppose -4*n = -5 - 11. Let s(f) = f**2 - f. Let b(u) = u**3 - 9*u**2 + 5*u. Let t(o) = b(o) + 5*s(o). Give t(n).
0
Let o(m) = -m**3 + 6*m**2 + 4*m - 3. Let z be o(6). Suppose -s + 17 = -4*r + 3, 3*s - z = 5*r. Let y(u) = u**2 + 5*u + 2. What is y(r)?
-4
Let l(f) = -f**2 - f + 1. Let p(q) = -10*q**2 - q + 1. Let b(d) = -l(d) + p(d). Give b(1).
-9
Let u be 5/(70/7)*0/(-1). Let c(h) = h + 10. Calculate c(u).
10
Let q(y) = y**2 + 1. Let d be q(-1). Let r(l) = 1 - 5*l**d + l**2 + 4*l + 3 + 3*l**2. Let a = -3 + 6. Determine r(a).
7
Let t(s) be the second derivative of s**5/20 - 7*s**4/12 + 5*s**3/6 - 2*s**2 - 27*s. Calculate t(6).
-10
Let h(q) = 0*q - q**3 + 2*q**2 + 4*q - 2 - 2*q. Let s(y) = -y**3 + 9*y**2 - 9*y + 11. Suppose -18 = -3*w + 6. Let t be s(w). Calculate h(t).
-5
Let r(z) = -4*z - 12. Let k be r(-3). Let u(a) = 3*a**2 - a + 3. Let f(j) = 4*j**2 - j + 3. Let o(d) = -2*f(d) + 3*u(d). Determine o(k).
3
Let h(y) = 5*y**2 - 5. Let z(f) = 6*f**2 + f - 5. Let j(q) = -5*h(q) + 4*z(q). Give j(6).
-7
Let k(r) = 16*r**2 - 30*r - 47. Let w(h) = 3*h**2 - 6*h - 9. Let o(n) = -2*k(n) + 11*w(n). Calculate o(6).
-5
Let g(t) = 1 + 4*t**3 + t - 2 + 0 - t**2. Let k be 1/(-1)*(-6)/6. Determine g(k).
3
Let i be ((-13)/(-26))/(2/6). Let j(c) be the second derivative of 0 - i*c**2 + 1/3*c**3 - c + 1/20*c**5 - 1/12*c**4. Give j(2).
5
Let b(g) = -2*g**3 + 2*g**2 + g - 1. Let d = 2 + -1. Suppose -3*r = f + 16, 5*f = 2*f - 5*r - 28. Let l = d - f. Give b(l).
-7
Let u(m) = m**3 - 4*m**2 + 3. Suppose 2*c + 3*c = 4*j + 40, -3*j = 15. Let o be u(c). Let x(h) = o*h + h - 6*h - 6. Calculate x(-5).
4
Let z(j